 65456. Give g(-4).
0
Let m(u) = -585559*u + 5855592. Give m(10).
2
Let o(j) = j**2 + 221*j - 27077. Calculate o(88).
115
Let o(x) = -x**3 + 1634*x**2 + 1035538*x + 1016. What is o(-488)?
40
Let h(l) = -68*l**2 - 1217*l - 56. Calculate h(-12).
4756
Let p(d) = -156*d**2 + 621*d - 2. Calculate p(5).
-797
Let p(v) = -18*v**2 + 113*v + 792. Determine p(-4).
52
Let w(n) = 73*n**2 - 13136*n - 688. Give w(180).
32
Let t(r) = r**3 - 89*r**2 + 1347*r - 1091. Calculate t(70).
99
Let y(s) = s**3 - 3309*s**2 - 13239*s + 68. Calculate y(-4).
16
Let v(n) = -839*n**2 - 9216*n + 19. Give v(-11).
-124
Let d(a) = a**3 + 24*a**2 - 4511*a - 104298. Calculate d(-23).
-16
Let n(q) = 1698*q + 22334. Give n(-13).
260
Let n(z) = -1054*z**2 - 4213*z + 2. Give n(-4).
-10
Let s(r) = -5*r**2 - 98*r + 15695. Give s(-68).
-761
Let b(c) = -2*c**3 - 12*c**2 + 27*c - 54. Determine b(-8).
-14
Let h(g) = -612*g**3 - 23*g**2 + 29*g + 31. Calculate h(-1).
591
Let x(h) = -79*h**2 - 8434*h + 74881. What is x(-115)?
16
Let b(p) = -p**3 + 103*p**2 - 1584*p + 16. Calculate b(20).
1536
Let x(s) = 17343*s - 17391. What is x(1)?
-48
Let r(f) = -2*f**3 + 66*f**2 + 685*f - 26333. Calculate r(23).
2
Let a(n) = -541*n + 2734. Calculate a(7).
-1053
Let c(k) = -28*k**2 + 82*k - 163. Calculate c(2).
-111
Let c(t) = -52*t**2 - 397*t - 209. What is c(-11)?
-2134
Let m(y) = 6*y**3 + 3*y**2 - 93*y + 288. Give m(3).
198
Let z(p) = 21*p**2 + 358*p + 436. Calculate z(-19).
1215
Let a(k) = -2*k**3 + 386*k**2 - 4344*k + 6. Give a(181).
6
Let y(s) = 9946*s - 467368. Determine y(47).
94
Let r(q) = 5338*q + 26741. Calculate r(-5).
51
Let b(g) = -28*g**3 - 8400*g**2 - 22*g - 6608. Give b(-300).
-8
Let k(l) = -153*l - 30117. What is k(-198)?
177
Let r(f) = -f**2 + 471*f + 11258. Determine r(-23).
-104
Let a(i) = 13847*i + 13913. Determine a(-1).
66
Let q(u) = u**2 + 152204*u + 456609. Calculate q(-3).
6
Let j(y) = y**3 + 18*y**2 - 156*y - 2810. Give j(-18).
-2
Let n(g) = -g**3 + 14*g**2 - 740*g + 4837. Determine n(7).
0
Let a(s) = 251201*s + 502399. Calculate a(-2).
-3
Let f(x) = x**2 - 55*x - 149. Give f(-3).
25
Let z(x) = 68*x**3 - 25*x**2 - 17*x - 32. Determine z(-2).
-642
Let k(m) = 4*m**3 + 1430*m**2 + 720*m + 1306. Determine k(-357).
-836
Let t(m) = -m**2 - 123*m + 31597. What is t(126)?
223
Let c(j) = -65*j**2 - 5077*j - 542. Determine c(-78).
4
Let a(p) = 2002*p**2 + 34037*p + 26. Determine a(-17).
-25
Let t(h) = -434*h + 4313. Give t(10).
-27
Let x(l) = 4*l**2 - 558*l + 884. What is x(138)?
56
Let o(g) = -7*g**2 - 904*g - 18154. Calculate o(-104).
150
Let c(a) = -102*a**2 + 452*a - 81. Calculate c(4).
95
Let j(v) = 44*v**3 - 137*v**2 - 133*v + 3. Determine j(-1).
-45
Let m(t) = 2620*t**2 - 191275*t + 1106. Give m(73).
11
Let x(p) = -4*p**2 + 142*p + 828. What is x(-6)?
-168
Let j(n) = -43988*n - 221603. Calculate j(-5).
-1663
Let y(k) = 3*k**3 + 468*k**2 - 3379*k - 300. What is y(7)?
8
Let w(l) = -l**2 - 1129*l + 27673. What is w(24)?
1
Let d(m) = 5630*m - 28116. Give d(5).
34
Let h(x) = -x**3 - 116*x**2 + 293*x + 5434. Determine h(-118).
-1292
Let p(d) = -12*d**2 + 619*d - 3063. What is p(5)?
-268
Let j(b) = -5*b**3 + 18*b**2 + 80*b + 3. Determine j(-4).
291
Let u(p) = -2*p**2 - 88*p - 382. Determine u(-50).
-982
Let o(h) = -3659*h + 212230. Give o(58).
8
Let s(v) = v**2 + 15095*v - 377998. Give s(25).
2
Let i(u) = -25*u**2 - 278*u + 5267. Determine i(10).
-13
Let x(z) = -z**2 + 1620*z + 41. Give x(0).
41
Let k(l) = l**2 - 1045*l - 1275760. Determine k(-722).
14
Let u(i) = -i**2 - 3049*i - 483949. Calculate u(-168).
59
Let a(d) = d**3 + 46*d**2 + 76*d + 1346. Calculate a(-45).
-49
Let t(k) = -5*k**2 - 2556*k - 25070. Give t(-10).
-10
Let r(y) = 12*y**3 + 2*y**2 - 74*y - 7. What is r(4)?
497
Let c(z) = -69*z + 2767. Calculate c(36).
283
Let a(s) = -6*s**2 + 3884*s + 107830. Give a(674).
-10
Let b(s) = -15*s**3 + 36*s**2 + 31*s - 86. Determine b(2).
0
Let w(d) = 297*d + 48. Give w(-1).
-249
Let o(v) = 994*v - 40754. What is o(41)?
0
Let g(z) = z**3 - 37*z**2 - 123*z - 28. Determine g(-3).
-19
Let b(o) = -4*o**2 - 242*o + 1617. What is b(-52)?
3385
Let o(r) = -r**3 + 1334*r**2 - 6966*r + 426606. Give o(1329).
-3
Let q(y) = y**3 - 61*y**2 + 536*y - 701. Calculate q(51).
625
Let v(x) = -41*x - 6040. Calculate v(-136).
-464
Let p(j) = 2*j**3 + 4*j**2 + 7*j + 21. Give p(-2).
7
Let f(b) = -4*b**2 + 25087*b - 125401. What is f(5)?
-66
Let x(r) = -r**3 - 20*r**2 + 21*r + 77. Calculate x(-21).
77
Let r(c) = -5*c**3 - 1888*c**2 + 2657*c + 1502. Calculate r(-379).
-14
Let q(m) = 16*m**2 - 20420*m - 143722. What is q(-7)?
2
Let k(j) = -689*j - 389096. Calculate k(-565).
189
Let u(b) = -9*b**2 + 512*b - 67. What is u(57)?
-124
Let y(z) = -z**3 + 3*z**2 + 12*z + 279. Give y(16).
-2857
Let r(t) = -t**3 - 99*t**2 + 177*t - 2877. Give r(-101).
-352
Let q(f) = 475*f + 6967. What is q(-15)?
-158
Let k(u) = 80*u**2 + 11983*u - 2575. Give k(-150).
-25
Let r(f) = 317*f - 34862. What is r(110)?
8
Let h(c) = -15*c**2 - 32*c + 720. Calculate h(-17).
-3071
Let k(x) = -x**2 - 30*x + 4748. Give k(-87).
-211
Let a(b) = b**2 - 378*b + 8791. Give a(25).
-34
Let u(m) = 9*m**2 + 541*m + 2029. Determine u(-4).
9
Let i(g) = g**3 - 114*g**2 - 224*g - 893. What is i(116)?
35
Let i(j) = -j**2 - 781*j + 338086. What is i(310)?
-124
Let y(f) = 131*f - 5945. Calculate y(41).
-574
Let l(z) = 12163*z - 36506. Give l(3).
-17
Let z(x) = 7678*x - 150. Calculate z(0).
-150
Let a(j) = 4757*j + 822952. What is a(-173)?
-9
Let y(l) = -l**3 + 262*l**2 + 24871*l - 2354. Give y(336).
-2
Let a(r) = 6*r**2 + 1169*r - 16141. Determine a(14).
1401
Let z(o) = -80*o**2 + 799*o + 5632. What is z(-7)?
-3881
Let n(f) = 78*f**2 - 561*f - 122. Give n(7).
-227
Let f(q) = 1986*q + 13903. Give f(-7).
1
Let f(z) = z**3 - 37*z**2 + 4718*z - 145850. Calculate f(32).
6
Let x(z) = -z**2 + 1476*z + 11891. Give x(-8).
19
Let u(n) = 221*n**2 + 2875*n + 254. Determine u(-13).
228
Let w(x) = 6*x**3 + 46*x**2 + 9*x + 90. What is w(-9)?
-639
Let p(j) = -1626*j - 13968. Calculate p(-8).
-960
Let a(r) = -162*r**2 + 8614*r - 1454. Give a(53).
30
Let b(q) = 120362*q + 1805443. Determine b(-15).
13
Let n(j) = -8*j**3 + 18*j**2 + 106*j + 779. What is n(-7)?
3663
Let z(q) = -134*q**3 + 3730*q**2 + 618*q - 55. Determine z(28).
1
Let a(n) = n**3 - 632*n**2 + 2069*n - 509678. Give a(630).
-8
Let k(n) = 40*n + 11. Determine k(-38).
-1509
Let m(s) = s**3 - 13*s**2 + 59*s - 1262. Calculate m(14).
-240
Let z(p) = -2*p**2 + 15914*p + 143294. What is z(-9)?
-94
Let w(o) = 40623*o + 5443498. Determine w(-134).
16
Let n(l) = -l**3 + 167*l**2 - 498*l + 937. Give n(164).
-47
Let r(g) = -4*g**2 - 158*g - 31. What is r(-5)?
659
Let h(y) = -419*y**2 + 5428*y + 189. Give h(13).
-58
Let n(x) = -x**3 - 27*x**2 - 20*x - 2180. Determine n(-29).
82
Let h(v) = -25*v**3 - 8347*v**2 + 1003*v + 329. Give h(-334).
-5
Let i(s) = s**3 - 32*s**2 - 715*s - 35. What is i(48)?
2509
Let p(w) = -3*w**3 - 35*w**2 - 93*w + 14. Determine p(-8).
54
Let p(z) = z**3 + 127*z**2 - 826*z - 324. Calculate p(7).
460
Let d(x) = -2313*x**2 + 11589*x - 23. Determine d(5).
97
Let o(d) = 724*d**2 + 20632*d - 10551. Give o(-29).
5
Let q(f) = -547*f - 287. Give q(-2).
807
Let z(h) = 3*h**2 - 1124*h - 9143. Give z(-8).
41
Let f(r) = -3234485*r - 25875881. Determine f(-8).
-1
Let c(w) = -18394*w - 10429407. Determine c(-567).
-9
Let m(a) = 371*a - 58904. Determine m(159).
85
Let x(r) = 25*r**2 + 1861*r - 28486. Give x(13).
-68
Let o(b) = -22*b - 941. Determine o(-3).
-875
Let o(h) = 8114*h - 827634. Calculate o(102).
-6
Let f(x) = x**3 - 106*x**2 - 1032*x - 356. Determine f(115).
-11
Let r(p) = -412*p**2 - 2065*p - 18. Determine r(-5).
7
Let v(q) = -2191*q**2 + q + 24. Calculate v(0).
24
Let k(z) = z**2 - 792*z + 8626. Calculate k(11).
35
Let v(x) = -2*x**3 + 130*x**2 - 270*x + 1315. What is v(63)?
181
Let i(g) = 3*g**3 + 22*g**2 - 155*g - 183. Calculate i(-12).
-339
Let l(t) = -t**3 + t**2 + 9117*t + 416. Give l(96).
128
Let j(n) = -636*n - 136803. Determine j(-215).
-63
Let m(l) = 2*l**2 - 2135*l + 202127. Give m(105).
2
Let i(m) = -32*m**3 + 350*m**2 + 8*m + 135. Determine i(11).
-19
Let x(b) = -245*b + 3274. What is x(20)?
-1626
Let q(z) = 2*z**3 - 280*z**2 - 1152*z + 1091. What is q(144)?
1091
Let j(k) = -704*k - 17212. Determine